of u?
2
Suppose -4825889 - 8831615 = -266*f. What is the units digit of f?
4
Suppose -1 + 16 = 5*v. Suppose v*h = 4*h + 30. What is the tens digit of 318*(-3)/h*5?
5
Let v be 6896/72 + 4/18. Let z = v - -68. What is the hundreds digit of z?
1
Let v = -21648 + 36964. What is the tens digit of v?
1
Let i(t) = 546*t + 18523. What is the thousands digit of i(-18)?
8
Suppose -3*g + 19 = -2*f, 14*g - 10*g - 32 = 4*f. Suppose g*o - 1397 = -0*o + 2*u, 2350 = 5*o + u. What is the hundreds digit of o?
4
Let k(o) = 20*o**2 + 58*o - 996. What is the hundreds digit of k(16)?
0
Let v(u) = -u**3 - 16*u**2 - 14*u + 17. Let i be v(-15). Suppose o + 3*r - 508 = 0, -553 + 1619 = i*o - 4*r. What is the tens digit of o?
2
Let i(z) = -9272*z - 464. What is the tens digit of i(-6)?
6
Suppose 3*n = -0*s - s - 76, -5*s + n = 364. Let j = 129 + s. Suppose j = -3*f + 239. What is the tens digit of f?
6
Let s = -124 + 134. Let v(j) = 71*j - 43. What is the tens digit of v(s)?
6
Suppose -2*o + 15802 = 2*m, 23709 = 3*m + o - 4*o. What is the tens digit of m?
0
Let u = 328 + -328. Suppose u = -4*k - 25*k + 18183. What is the units digit of k?
7
Suppose 3679*a - 45437 = 3672*a. What is the units digit of a?
1
Suppose 0 = 19*f - 75*f + 2151072. What is the thousands digit of f?
8
Suppose 14*n = -125*n + 1166822 + 2087168. What is the hundreds digit of n?
4
Let p = 2678 - -16899. What is the ten thousands digit of p?
1
Suppose -5*v = 4*q - 6*q + 2448, 4*v + 1955 = 5*q. Let c = v - -787. What is the tens digit of c?
9
Let q = 11815 + -5558. What is the hundreds digit of q?
2
Suppose -4*s - 923 = -i, 2*i + 2*s - 1138 = 758. What is the tens digit of i?
4
Suppose 0 = y + y + 4, 2*z - y = 8. Suppose 4*p - 1 - 9 = -3*c, z*p + 1 = 2*c. Suppose 732 - 132 = c*g. What is the tens digit of g?
0
Let l = 226174 - 145997. What is the ten thousands digit of l?
8
Let w = 137 - 85. Suppose 50*k + 650 = w*k. What is the hundreds digit of k?
3
Suppose -6*o + 10 = -o. Suppose -3*j = -0*x + o*x - 208, 5*x + 2*j = 498. Let f = x + -46. What is the tens digit of f?
5
Suppose -t + 3 = -4*z, -17*z = -16*z - t. Let w(m) = 641*m**2 + 4*m + 5. What is the units digit of w(z)?
2
Let t(k) = k**3 - 7*k**2 - 4*k - 9. Let n be t(8). Let y = -103 + 60. Let w = n - y. What is the tens digit of w?
6
Let b(y) = -y**2 - 2*y + 13. Let z be b(3). What is the hundreds digit of -19 + 25 + (299 - z)?
3
Let t(i) be the third derivative of -i**6/120 + i**5/20 + 11*i**4/12 - i**3 - 3*i**2 + 1. What is the units digit of t(-7)?
0
Let s(x) = 32*x**2 + 162*x - 13. What is the hundreds digit of s(-13)?
2
Let s(d) = 4*d. Let c be s(-1). Let g be ((-5)/(-10))/1*c. Let j = 108 + g. What is the hundreds digit of j?
1
Suppose -5*w + 2406 = -x, -7254 = -11*x + 14*x - 3*w. Let t = 3399 + x. What is the tens digit of t?
7
Let x be 6 + 17/((-51)/18). What is the units digit of x/2 + (6 - 30/(-6))?
1
Suppose 0 = -6*i + 9*i + 168. Let x be (-462)/i*(-8)/(-6). Suppose -2*d + 101 = -x. What is the tens digit of d?
5
Let i be (-3)/3 - (6 - 10). Suppose i = -f + 27. What is the units digit of (f/36)/((-1)/(-138))?
2
Let y = -1251 + 4657. What is the units digit of y?
6
Let s = 129 - 62. Suppose 23*j - 33*j + 60 = 0. Suppose -j*x + 137 = -s. What is the tens digit of x?
3
Let v = 112 - 108. Suppose 369 = 3*w + 4*i + 89, -v*w = -4*i - 364. Suppose 3*f = 4*d - 385, 5*f + w = 2*d - d. What is the units digit of d?
7
Suppose -2*z - 5*t = -8187, z - 4*t - 5267 = -1128. What is the thousands digit of z?
4
Let h be 7 + (10 - 6 - 7). Suppose 6448 = -h*q + 17*q. What is the tens digit of q?
9
Let l(i) = i**3 - 7*i**2 + 10. Let a be l(7). Suppose -45*b = -50*b + a. What is the hundreds digit of (-165)/6*(-51)/15*b?
1
Let j be 53/(-4)*(20 - 32). Suppose -158*r - 818 = -j*r. What is the units digit of r?
8
Suppose -l = -g + 1, 0*g + 1 = -l - 3*g. Let a be 0 - l/(2/354). Suppose 513 = 4*t + a. What is the tens digit of t?
8
Suppose -66*g = 11*g - 12782. What is the tens digit of g?
6
Suppose -3*j + 2*s + 768 = 0, -5*s - 768 = -3*j - 2*s. What is the tens digit of j?
5
What is the thousands digit of 44320/96*(-108)/(-20)?
2
Suppose 0 = -5*q - 0*q. Let y be 49*((-3)/3 - q)*-1. Suppose -5*v - y = -734. What is the hundreds digit of v?
1
Let y = -11734 - -27875. What is the ten thousands digit of y?
1
Let d = 136 - 133. What is the hundreds digit of (d + 39/6 - 2)*20?
1
Suppose 4*y + 16 = 0, 5*f - 81629 + 23007 = -2*y. What is the hundreds digit of f?
7
What is the units digit of 6/9*(0 + 4245)?
0
Let u(c) = -c + 1. Let q be u(1). Suppose -5*m + 3*n + 766 = -n, q = 3*m + 5*n - 430. What is the units digit of m?
0
Suppose 0 = -3*q, s - 6*s = -4*q. Suppose 2*u + 5*a - 1 = s, 4*u + 4*a - 12 = -4. What is the units digit of (1 + (-1383)/9)*u/(-2)?
9
What is the tens digit of ((8 - -11) + -10)/(2/1146)?
5
Let q(a) = 18*a**2 - 4*a - 6. Let d = 45 + -37. Let s be (12/(-10))/(d/20). What is the hundreds digit of q(s)?
1
Let n(o) = -o**3 + 8*o**2 - 15*o + 16. Let m be n(5). Let l = 109 - m. What is the tens digit of l?
9
Let v(n) = -18*n + 8. Let y be 2 - (6/(-5))/(2/5). Suppose -23 - 2 = y*u. What is the tens digit of v(u)?
9
Let w(q) = -11 + 33*q**2 - 13*q**2 - 19*q**2 - 2*q - 3. Let y be w(6). Suppose 357 = -7*t + y*t. What is the hundreds digit of t?
1
What is the units digit of 20/(1/37*3*(-9)/(-297))?
0
Suppose -10*i + 2520 = 10*i. Suppose 2*g - 6*g + 5*j = -147, 4*g = 4*j + 144. Let f = i + g. What is the hundreds digit of f?
1
Let q(z) = 41*z + 54. Let m be q(8). What is the units digit of -3 + m + -3 + (-6)/(-3)?
8
Let c(z) = -8*z**2 - 9*z + 21. Let s be c(-9). Let i = s - -1361. What is the units digit of i?
5
Let s(k) = 18*k**2 + 30*k - 435. What is the thousands digit of s(20)?
7
Suppose -3*y + 4*t + 81 = 19, 13 = 2*y + 3*t. Let c be (-78)/(-65) + 342/15. What is the units digit of c + 2 - (y - 10)?
2
Let l(i) = -21*i + 158. Suppose -2*n = 3*h + 15, 2*n - 5*h + 24 = -31. What is the hundreds digit of l(n)?
4
Let b = 96 + -98. Let a be (4/8)/(b/(-16)) - -336. Suppose -2*h - 6*z = -4*z - a, -354 = -2*h + 5*z. What is the units digit of h?
2
Suppose 3*a + 3 = 4*a. Suppose -6*t - 5*x = -4*t - 675, -a*x - 1363 = -4*t. What is the tens digit of t?
4
Suppose -3*v = 4*l - 19839, 4*v + 9878 = 3*l - 4945. What is the thousands digit of l?
4
Let b(s) = 7*s**2 - 6. Let l = -62 - -72. Suppose l*q + 15 = 5*q. What is the units digit of b(q)?
7
Let z(v) = -13*v - 2. Let u be z(1). Let y be ((-4)/5)/(6/u). Suppose -6*b = -y*l - 5*b + 131, 3*l - 5*b = 186. What is the tens digit of l?
6
What is the thousands digit of 6744 + (4 - (-24)/(-6))?
6
Let z(u) = 96*u**3 - u**2 + 2*u. Let m be z(1). Let j = 99 - m. Suppose o - 5*f - 291 + 72 = 0, j*o = f + 483. What is the tens digit of o?
4
Let d = -26129 + 37932. What is the thousands digit of d?
1
Let w(i) = -15*i + 7. Let b(c) = 45*c - 20. Let l(p) = -3*b(p) - 10*w(p). Let d(h) = 15*h - 9. Let s(o) = 5*d(o) - 4*l(o). What is the tens digit of s(3)?
4
Suppose 26*w - 22*w + 56 = 0. Let t = -3 - w. Suppose -t*p + 8*p + 60 = 0. What is the units digit of p?
0
Suppose -199*s + 204*s - 10 = 0. Suppose z + 0*z = -s, 1679 = 5*l - 2*z. What is the tens digit of l?
3
Let c(h) = -27 - 14*h**3 + 4*h**3 + 9*h**3 - 30*h**2 - 33*h. What is the units digit of c(-30)?
3
Suppose q = 4*w - 50889, 605*w + 12719 = 606*w + 3*q. What is the tens digit of w?
2
Let w(i) = 337*i + 174. Let g(o) = 168*o + 85. Let c(r) = -9*g(r) + 4*w(r). What is the hundreds digit of c(-3)?
4
Suppose 106*i + 201 = 109*i. Let z = i + 133. What is the units digit of z?
0
Let j(a) = 35*a - 22*a - 19 + 186*a**2 - 3 - 30*a. What is the units digit of j(-2)?
6
Let x(w) = 2*w**2 - 10*w - 4. Let t = -4 + 12. Let k be x(t). Suppose k = 2*c + 4*f, 3*c + 88 = 7*c - 5*f. What is the units digit of c?
2
Let n(w) = -w - 5. Let a be n(6). Let h(y) = y**3 + 9*y**2 - 9*y + 37. Let t be h(a). Let o = 122 + t. What is the tens digit of o?
1
Suppose 0 = 5*v + 90 - 65. Let c(x) = 8*x**2 - 7*x + 13. Let f(w) = w**2 - w + 1. Let m(y) = c(y) - 4*f(y). What is the hundreds digit of m(v)?
1
What is the units digit of (-90 - -80)*1057/(-2)?
5
Suppose 8*y - 3 = 13. Let m be (-4 + -99)/(y + -3). Suppose 5*h + r = 230, 5*h - 2*r - 142 = m. What is the tens digit of h?
4
Let r be -4 + (-486)/(-